{"id":727,"date":"2021-03-08T10:37:33","date_gmt":"2021-03-08T13:37:33","guid":{"rendered":"https:\/\/isfdituzaingo-crr.infd.edu.ar\/sitio\/?page_id=727"},"modified":"2022-02-07T10:45:33","modified_gmt":"2022-02-07T13:45:33","slug":"fechas-importantes","status":"publish","type":"page","link":"https:\/\/isfdituzaingo-crr.infd.edu.ar\/sitio\/estudiantes\/fechas-importantes\/","title":{"rendered":"Mesas Ex\u00e1menes"},"content":{"rendered":"<h4><span style=\"color: #0000ff;\"><strong>Llamado <\/strong>FEBRERO-MARZO 2022 <br \/><\/span><\/h4>\n<p><strong>PRIMER LLAMADO:<\/strong> Desde el 21 al 25 de febrero de\u00a0 2022. Mesas de ex\u00e0menes<span style=\"color: #0000ff;\">\u00a0<strong>PRESENCIALES.<\/strong><\/span><\/p>\n<p><strong>SEGUNDO LLAMADO<\/strong>: Desde el 07 al 11 de marzo de\u00a0 2022<strong>. <\/strong>Mesas de ex\u00e0menes<span style=\"color: #0000ff;\"><strong> PRESENCIALES.<\/strong><\/span><\/p>\n<p>El per\u00edodo de inscripci\u00f3n ser\u00e1 desde el 07 al 16 de febrero de 2022, a trav\u00e9s de la p\u00e1gina de SIMA EDUCATIVA \u00fanicamente.<\/p>\n<p>Enlace de inscripci\u00f3n:\u00a0<a href=\"http:\/\/simaeducativa.mec.gob.ar\/modulo\/alumno\/?ituzaingo\" target=\"_blank\" rel=\"noopener\">http:\/\/simaeducativa.mec.gob.ar\/modulo\/alumno\/?ituzaingo<\/a><\/p>\n<p>Para el d\u00eda del ex\u00e1men final presentarse con:<\/p>\n<ul>\n<li>Libreta<\/li>\n<li>Programa de la unidad curricular<\/li>\n<\/ul>\n<p>Traer elementos sanitizantes. Respetar protocolos de distanciamiento. Usar barbijos.<\/p>\n<p>Cualquier consulta o dudas, contactarse con bedel\u00eda escribiendo al correo <strong>bedeliaisfdituzaingo@gmail.com.<\/strong><\/p>\n<p>En el caso de las subsedes y extensiones \u00e1ulicas, contactarse con la coordinadora o la directora de carrera- si tuviere-.<\/p>\n<p>\u00a0<\/p>\n<h4><span style=\"color: #0000ff;\"><strong>CRONOGRAMA DE MESAS DE EXAMENES FINALES, POR CARRERA &#8211; SEDE<\/strong><\/span><\/h4>\n<p><strong><span style=\"color: #ff0000;\">PROFESORADO DE EDUCACI\u00d3N SECUNDARIA EN BIOLOG\u00cdA<\/span><\/strong><\/p>\n<p><a href=\"https:\/\/isfdituzaingo-crr.infd.edu.ar\/sitio\/wp-content\/uploads\/2022\/02\/Diapositiva4-768x432.jpg\"><img decoding=\"async\" loading=\"lazy\" class=\"alignnone  wp-image-3045\" src=\"https:\/\/isfdituzaingo-crr.infd.edu.ar\/sitio\/wp-content\/uploads\/2022\/02\/Diapositiva4-1000x563.jpg\" alt=\"\" width=\"459\" height=\"259\" srcset=\"https:\/\/isfdituzaingo-crr.infd.edu.ar\/sitio\/wp-content\/uploads\/2022\/02\/Diapositiva4-1000x563.jpg 1000w, https:\/\/isfdituzaingo-crr.infd.edu.ar\/sitio\/wp-content\/uploads\/2022\/02\/Diapositiva4-768x432.jpg 768w, https:\/\/isfdituzaingo-crr.infd.edu.ar\/sitio\/wp-content\/uploads\/2022\/02\/Diapositiva4.jpg 1280w\" sizes=\"(max-width: 459px) 100vw, 459px\" \/><\/a> <a href=\"https:\/\/isfdituzaingo-crr.infd.edu.ar\/sitio\/wp-content\/uploads\/2022\/02\/Diapositiva15-768x432.jpg\"><img decoding=\"async\" loading=\"lazy\" class=\"alignnone  wp-image-3034\" src=\"https:\/\/isfdituzaingo-crr.infd.edu.ar\/sitio\/wp-content\/uploads\/2022\/02\/Diapositiva15-1000x563.jpg\" alt=\"\" width=\"448\" height=\"252\" srcset=\"https:\/\/isfdituzaingo-crr.infd.edu.ar\/sitio\/wp-content\/uploads\/2022\/02\/Diapositiva15-1000x563.jpg 1000w, https:\/\/isfdituzaingo-crr.infd.edu.ar\/sitio\/wp-content\/uploads\/2022\/02\/Diapositiva15-768x432.jpg 768w, https:\/\/isfdituzaingo-crr.infd.edu.ar\/sitio\/wp-content\/uploads\/2022\/02\/Diapositiva15.jpg 1280w\" sizes=\"(max-width: 448px) 100vw, 448px\" \/><\/a><\/p>\n<p><strong><span style=\"color: #ff0000;\">TECNICATURA SUPERIOR EN HOTELER\u00cdA<\/span><\/strong><\/p>\n<p>\u00a0<a href=\"https:\/\/isfdituzaingo-crr.infd.edu.ar\/sitio\/wp-content\/uploads\/2022\/02\/Diapositiva9-768x432.jpg\"><img decoding=\"async\" loading=\"lazy\" class=\"alignnone  wp-image-3028\" src=\"https:\/\/isfdituzaingo-crr.infd.edu.ar\/sitio\/wp-content\/uploads\/2022\/02\/Diapositiva9-1000x563.jpg\" alt=\"\" width=\"415\" height=\"234\" srcset=\"https:\/\/isfdituzaingo-crr.infd.edu.ar\/sitio\/wp-content\/uploads\/2022\/02\/Diapositiva9-1000x563.jpg 1000w, https:\/\/isfdituzaingo-crr.infd.edu.ar\/sitio\/wp-content\/uploads\/2022\/02\/Diapositiva9-768x432.jpg 768w, https:\/\/isfdituzaingo-crr.infd.edu.ar\/sitio\/wp-content\/uploads\/2022\/02\/Diapositiva9.jpg 1280w\" sizes=\"(max-width: 415px) 100vw, 415px\" \/><\/a><a href=\"https:\/\/isfdituzaingo-crr.infd.edu.ar\/sitio\/wp-content\/uploads\/2022\/02\/Diapositiva20-768x432.jpg\"><img decoding=\"async\" loading=\"lazy\" class=\"alignnone  wp-image-3039\" src=\"https:\/\/isfdituzaingo-crr.infd.edu.ar\/sitio\/wp-content\/uploads\/2022\/02\/Diapositiva20-1000x563.jpg\" alt=\"\" width=\"467\" height=\"263\" srcset=\"https:\/\/isfdituzaingo-crr.infd.edu.ar\/sitio\/wp-content\/uploads\/2022\/02\/Diapositiva20-1000x563.jpg 1000w, https:\/\/isfdituzaingo-crr.infd.edu.ar\/sitio\/wp-content\/uploads\/2022\/02\/Diapositiva20-768x432.jpg 768w, https:\/\/isfdituzaingo-crr.infd.edu.ar\/sitio\/wp-content\/uploads\/2022\/02\/Diapositiva20.jpg 1280w\" sizes=\"(max-width: 467px) 100vw, 467px\" \/><\/a><\/p>\n<p><strong><span style=\"color: #ff0000;\">TECNICATURA SUPERIOR EN INDUSTRIALIZACI\u00d3N DE LA MADERA<\/span><\/strong><\/p>\n<p><a href=\"https:\/\/isfdituzaingo-crr.infd.edu.ar\/sitio\/wp-content\/uploads\/2022\/02\/Diapositiva10-768x432.jpg\"><img decoding=\"async\" loading=\"lazy\" class=\"alignnone  wp-image-3029\" src=\"https:\/\/isfdituzaingo-crr.infd.edu.ar\/sitio\/wp-content\/uploads\/2022\/02\/Diapositiva10-1000x563.jpg\" alt=\"\" width=\"435\" height=\"245\" srcset=\"https:\/\/isfdituzaingo-crr.infd.edu.ar\/sitio\/wp-content\/uploads\/2022\/02\/Diapositiva10-1000x563.jpg 1000w, https:\/\/isfdituzaingo-crr.infd.edu.ar\/sitio\/wp-content\/uploads\/2022\/02\/Diapositiva10-768x432.jpg 768w, https:\/\/isfdituzaingo-crr.infd.edu.ar\/sitio\/wp-content\/uploads\/2022\/02\/Diapositiva10.jpg 1280w\" sizes=\"(max-width: 435px) 100vw, 435px\" \/><\/a> <a href=\"https:\/\/isfdituzaingo-crr.infd.edu.ar\/sitio\/wp-content\/uploads\/2022\/02\/Diapositiva21-768x432.jpg\"><img decoding=\"async\" loading=\"lazy\" class=\"alignnone  wp-image-3040\" src=\"https:\/\/isfdituzaingo-crr.infd.edu.ar\/sitio\/wp-content\/uploads\/2022\/02\/Diapositiva21-1000x563.jpg\" alt=\"\" width=\"444\" height=\"250\" srcset=\"https:\/\/isfdituzaingo-crr.infd.edu.ar\/sitio\/wp-content\/uploads\/2022\/02\/Diapositiva21-1000x563.jpg 1000w, https:\/\/isfdituzaingo-crr.infd.edu.ar\/sitio\/wp-content\/uploads\/2022\/02\/Diapositiva21-768x432.jpg 768w, https:\/\/isfdituzaingo-crr.infd.edu.ar\/sitio\/wp-content\/uploads\/2022\/02\/Diapositiva21.jpg 1280w\" sizes=\"(max-width: 444px) 100vw, 444px\" \/><\/a><\/p>\n<p><strong><span style=\"color: #ff0000;\">TECNICATURA SUPERIOR EN DISE\u00d1O GR\u00c1FICO Y MULTIMEDIAL<\/span><\/strong><\/p>\n<p><a href=\"https:\/\/isfdituzaingo-crr.infd.edu.ar\/sitio\/wp-content\/uploads\/2022\/02\/Diapositiva7-768x432.jpg\"><img decoding=\"async\" loading=\"lazy\" class=\"alignnone  wp-image-3026\" src=\"https:\/\/isfdituzaingo-crr.infd.edu.ar\/sitio\/wp-content\/uploads\/2022\/02\/Diapositiva7-1000x563.jpg\" alt=\"\" width=\"472\" height=\"266\" srcset=\"https:\/\/isfdituzaingo-crr.infd.edu.ar\/sitio\/wp-content\/uploads\/2022\/02\/Diapositiva7-1000x563.jpg 1000w, https:\/\/isfdituzaingo-crr.infd.edu.ar\/sitio\/wp-content\/uploads\/2022\/02\/Diapositiva7-768x432.jpg 768w, https:\/\/isfdituzaingo-crr.infd.edu.ar\/sitio\/wp-content\/uploads\/2022\/02\/Diapositiva7.jpg 1280w\" sizes=\"(max-width: 472px) 100vw, 472px\" \/><\/a><a href=\"https:\/\/isfdituzaingo-crr.infd.edu.ar\/sitio\/wp-content\/uploads\/2022\/02\/Diapositiva18-768x432.jpg\"><img decoding=\"async\" loading=\"lazy\" class=\"alignnone  wp-image-3037\" src=\"https:\/\/isfdituzaingo-crr.infd.edu.ar\/sitio\/wp-content\/uploads\/2022\/02\/Diapositiva18-1000x563.jpg\" alt=\"\" width=\"442\" height=\"249\" srcset=\"https:\/\/isfdituzaingo-crr.infd.edu.ar\/sitio\/wp-content\/uploads\/2022\/02\/Diapositiva18-1000x563.jpg 1000w, https:\/\/isfdituzaingo-crr.infd.edu.ar\/sitio\/wp-content\/uploads\/2022\/02\/Diapositiva18-768x432.jpg 768w, https:\/\/isfdituzaingo-crr.infd.edu.ar\/sitio\/wp-content\/uploads\/2022\/02\/Diapositiva18.jpg 1280w\" sizes=\"(max-width: 442px) 100vw, 442px\" \/><\/a><\/p>\n<p><strong><span style=\"color: #ff0000;\">TECNICATURA SUPERIOR EN INFRAESTRUCTURA INFORM\u00c1TICA<\/span><\/strong><\/p>\n<p>\u00a0<a href=\"https:\/\/isfdituzaingo-crr.infd.edu.ar\/sitio\/wp-content\/uploads\/2022\/02\/Diapositiva8-768x432.jpg\"><img decoding=\"async\" loading=\"lazy\" class=\"alignnone  wp-image-3027\" src=\"https:\/\/isfdituzaingo-crr.infd.edu.ar\/sitio\/wp-content\/uploads\/2022\/02\/Diapositiva8-1000x563.jpg\" alt=\"\" width=\"483\" height=\"272\" srcset=\"https:\/\/isfdituzaingo-crr.infd.edu.ar\/sitio\/wp-content\/uploads\/2022\/02\/Diapositiva8-1000x563.jpg 1000w, https:\/\/isfdituzaingo-crr.infd.edu.ar\/sitio\/wp-content\/uploads\/2022\/02\/Diapositiva8-768x432.jpg 768w, https:\/\/isfdituzaingo-crr.infd.edu.ar\/sitio\/wp-content\/uploads\/2022\/02\/Diapositiva8.jpg 1280w\" sizes=\"(max-width: 483px) 100vw, 483px\" \/><\/a><a href=\"https:\/\/isfdituzaingo-crr.infd.edu.ar\/sitio\/wp-content\/uploads\/2022\/02\/Diapositiva19-768x432.jpg\"><img decoding=\"async\" loading=\"lazy\" class=\"alignnone  wp-image-3038\" src=\"https:\/\/isfdituzaingo-crr.infd.edu.ar\/sitio\/wp-content\/uploads\/2022\/02\/Diapositiva19-1000x563.jpg\" alt=\"\" width=\"515\" height=\"290\" srcset=\"https:\/\/isfdituzaingo-crr.infd.edu.ar\/sitio\/wp-content\/uploads\/2022\/02\/Diapositiva19-1000x563.jpg 1000w, https:\/\/isfdituzaingo-crr.infd.edu.ar\/sitio\/wp-content\/uploads\/2022\/02\/Diapositiva19-768x432.jpg 768w, https:\/\/isfdituzaingo-crr.infd.edu.ar\/sitio\/wp-content\/uploads\/2022\/02\/Diapositiva19.jpg 1280w\" sizes=\"(max-width: 515px) 100vw, 515px\" \/><\/a><\/p>\n<p><strong><span style=\"color: #ff0000;\">PROFESORADO DE EDUCACI\u00d3N SECUNDARIA EN AGRONOM\u00cdA<\/span><\/strong><\/p>\n<p><a href=\"https:\/\/isfdituzaingo-crr.infd.edu.ar\/sitio\/wp-content\/uploads\/2022\/02\/Diapositiva2-768x432.jpg\"><img decoding=\"async\" loading=\"lazy\" class=\"alignnone  wp-image-3043\" src=\"https:\/\/isfdituzaingo-crr.infd.edu.ar\/sitio\/wp-content\/uploads\/2022\/02\/Diapositiva2-1000x563.jpg\" alt=\"\" width=\"480\" height=\"270\" srcset=\"https:\/\/isfdituzaingo-crr.infd.edu.ar\/sitio\/wp-content\/uploads\/2022\/02\/Diapositiva2-1000x563.jpg 1000w, https:\/\/isfdituzaingo-crr.infd.edu.ar\/sitio\/wp-content\/uploads\/2022\/02\/Diapositiva2-768x432.jpg 768w, https:\/\/isfdituzaingo-crr.infd.edu.ar\/sitio\/wp-content\/uploads\/2022\/02\/Diapositiva2.jpg 1280w\" sizes=\"(max-width: 480px) 100vw, 480px\" \/><\/a><a href=\"https:\/\/isfdituzaingo-crr.infd.edu.ar\/sitio\/wp-content\/uploads\/2022\/02\/Diapositiva13-768x432.jpg\"><img decoding=\"async\" loading=\"lazy\" class=\"alignnone  wp-image-3032\" src=\"https:\/\/isfdituzaingo-crr.infd.edu.ar\/sitio\/wp-content\/uploads\/2022\/02\/Diapositiva13-1000x563.jpg\" alt=\"\" width=\"506\" height=\"285\" srcset=\"https:\/\/isfdituzaingo-crr.infd.edu.ar\/sitio\/wp-content\/uploads\/2022\/02\/Diapositiva13-1000x563.jpg 1000w, https:\/\/isfdituzaingo-crr.infd.edu.ar\/sitio\/wp-content\/uploads\/2022\/02\/Diapositiva13-768x432.jpg 768w, https:\/\/isfdituzaingo-crr.infd.edu.ar\/sitio\/wp-content\/uploads\/2022\/02\/Diapositiva13.jpg 1280w\" sizes=\"(max-width: 506px) 100vw, 506px\" \/><\/a><\/p>\n<p><strong><span style=\"color: #ff0000;\">PROFESORADO DE EDUCACI\u00d3N SECUNDARIA EN MATEM\u00c1TICA<\/span><\/strong><\/p>\n<p><a href=\"https:\/\/isfdituzaingo-crr.infd.edu.ar\/sitio\/wp-content\/uploads\/2022\/02\/Diapositiva3-768x432.jpg\"><img decoding=\"async\" loading=\"lazy\" class=\"alignnone  wp-image-3044\" src=\"https:\/\/isfdituzaingo-crr.infd.edu.ar\/sitio\/wp-content\/uploads\/2022\/02\/Diapositiva3-1000x563.jpg\" alt=\"\" width=\"466\" height=\"262\" srcset=\"https:\/\/isfdituzaingo-crr.infd.edu.ar\/sitio\/wp-content\/uploads\/2022\/02\/Diapositiva3-1000x563.jpg 1000w, https:\/\/isfdituzaingo-crr.infd.edu.ar\/sitio\/wp-content\/uploads\/2022\/02\/Diapositiva3-768x432.jpg 768w, https:\/\/isfdituzaingo-crr.infd.edu.ar\/sitio\/wp-content\/uploads\/2022\/02\/Diapositiva3.jpg 1280w\" sizes=\"(max-width: 466px) 100vw, 466px\" \/><\/a> <a href=\"https:\/\/isfdituzaingo-crr.infd.edu.ar\/sitio\/wp-content\/uploads\/2022\/02\/Diapositiva14-768x432.jpg\"><img decoding=\"async\" loading=\"lazy\" class=\"alignnone  wp-image-3033\" src=\"https:\/\/isfdituzaingo-crr.infd.edu.ar\/sitio\/wp-content\/uploads\/2022\/02\/Diapositiva14-1000x563.jpg\" alt=\"\" width=\"482\" height=\"271\" srcset=\"https:\/\/isfdituzaingo-crr.infd.edu.ar\/sitio\/wp-content\/uploads\/2022\/02\/Diapositiva14-1000x563.jpg 1000w, https:\/\/isfdituzaingo-crr.infd.edu.ar\/sitio\/wp-content\/uploads\/2022\/02\/Diapositiva14-768x432.jpg 768w, https:\/\/isfdituzaingo-crr.infd.edu.ar\/sitio\/wp-content\/uploads\/2022\/02\/Diapositiva14.jpg 1280w\" sizes=\"(max-width: 482px) 100vw, 482px\" \/><\/a><\/p>\n<p><span style=\"color: #ff0000;\"><strong>TECNICATURA SUPERIOR EN DESARROLLO DE SOFTWARE<\/strong><\/span><\/p>\n<p><a href=\"https:\/\/isfdituzaingo-crr.infd.edu.ar\/sitio\/wp-content\/uploads\/2022\/02\/Diapositiva6-768x432.jpg\"><img decoding=\"async\" loading=\"lazy\" class=\"alignnone  wp-image-3025\" src=\"https:\/\/isfdituzaingo-crr.infd.edu.ar\/sitio\/wp-content\/uploads\/2022\/02\/Diapositiva6-1000x563.jpg\" alt=\"\" width=\"494\" height=\"278\" srcset=\"https:\/\/isfdituzaingo-crr.infd.edu.ar\/sitio\/wp-content\/uploads\/2022\/02\/Diapositiva6-1000x563.jpg 1000w, https:\/\/isfdituzaingo-crr.infd.edu.ar\/sitio\/wp-content\/uploads\/2022\/02\/Diapositiva6-768x432.jpg 768w, https:\/\/isfdituzaingo-crr.infd.edu.ar\/sitio\/wp-content\/uploads\/2022\/02\/Diapositiva6.jpg 1280w\" sizes=\"(max-width: 494px) 100vw, 494px\" \/><\/a><a href=\"https:\/\/isfdituzaingo-crr.infd.edu.ar\/sitio\/wp-content\/uploads\/2022\/02\/Diapositiva17-768x432.jpg\"><img decoding=\"async\" loading=\"lazy\" class=\"alignnone  wp-image-3036\" src=\"https:\/\/isfdituzaingo-crr.infd.edu.ar\/sitio\/wp-content\/uploads\/2022\/02\/Diapositiva17-1000x563.jpg\" alt=\"\" width=\"501\" height=\"282\" srcset=\"https:\/\/isfdituzaingo-crr.infd.edu.ar\/sitio\/wp-content\/uploads\/2022\/02\/Diapositiva17-1000x563.jpg 1000w, https:\/\/isfdituzaingo-crr.infd.edu.ar\/sitio\/wp-content\/uploads\/2022\/02\/Diapositiva17-768x432.jpg 768w, https:\/\/isfdituzaingo-crr.infd.edu.ar\/sitio\/wp-content\/uploads\/2022\/02\/Diapositiva17.jpg 1280w\" sizes=\"(max-width: 501px) 100vw, 501px\" \/><\/a>\u00a0<\/p>\n<p><strong><span style=\"color: #ff0000;\">PROFESORADO DE EDUCACI\u00d3N ESPECIAL CON ORIENTACI\u00d3N EN DISCAPACIDAD INTELECTUAL<\/span><\/strong><\/p>\n<p>.\u00a0\u00a0\u00a0\u00a0 <a href=\"https:\/\/isfdituzaingo-crr.infd.edu.ar\/sitio\/wp-content\/uploads\/2022\/02\/Diapositiva1-768x432.jpg\"><img decoding=\"async\" loading=\"lazy\" class=\"alignnone  wp-image-3042\" src=\"https:\/\/isfdituzaingo-crr.infd.edu.ar\/sitio\/wp-content\/uploads\/2022\/02\/Diapositiva1-1000x563.jpg\" alt=\"\" width=\"465\" height=\"262\" srcset=\"https:\/\/isfdituzaingo-crr.infd.edu.ar\/sitio\/wp-content\/uploads\/2022\/02\/Diapositiva1-1000x563.jpg 1000w, https:\/\/isfdituzaingo-crr.infd.edu.ar\/sitio\/wp-content\/uploads\/2022\/02\/Diapositiva1-768x432.jpg 768w, https:\/\/isfdituzaingo-crr.infd.edu.ar\/sitio\/wp-content\/uploads\/2022\/02\/Diapositiva1.jpg 1280w\" sizes=\"(max-width: 465px) 100vw, 465px\" \/><\/a> <a href=\"https:\/\/isfdituzaingo-crr.infd.edu.ar\/sitio\/wp-content\/uploads\/2022\/02\/Diapositiva12-768x432.jpg\"><img decoding=\"async\" loading=\"lazy\" class=\"alignnone  wp-image-3031\" src=\"https:\/\/isfdituzaingo-crr.infd.edu.ar\/sitio\/wp-content\/uploads\/2022\/02\/Diapositiva12-1000x563.jpg\" alt=\"\" width=\"458\" height=\"258\" srcset=\"https:\/\/isfdituzaingo-crr.infd.edu.ar\/sitio\/wp-content\/uploads\/2022\/02\/Diapositiva12-1000x563.jpg 1000w, https:\/\/isfdituzaingo-crr.infd.edu.ar\/sitio\/wp-content\/uploads\/2022\/02\/Diapositiva12-768x432.jpg 768w, https:\/\/isfdituzaingo-crr.infd.edu.ar\/sitio\/wp-content\/uploads\/2022\/02\/Diapositiva12.jpg 1280w\" sizes=\"(max-width: 458px) 100vw, 458px\" \/><\/a><\/p>\n<p><strong><span style=\"color: #ff0000;\">PROFESORADO DE INGL\u00c9S<\/span><br \/><\/strong><\/p>\n<p><a href=\"https:\/\/isfdituzaingo-crr.infd.edu.ar\/sitio\/wp-content\/uploads\/2022\/02\/Diapositiva5-768x432.jpg\"><img decoding=\"async\" loading=\"lazy\" class=\"alignnone  wp-image-3024\" src=\"https:\/\/isfdituzaingo-crr.infd.edu.ar\/sitio\/wp-content\/uploads\/2022\/02\/Diapositiva5-1000x563.jpg\" alt=\"\" width=\"457\" height=\"257\" srcset=\"https:\/\/isfdituzaingo-crr.infd.edu.ar\/sitio\/wp-content\/uploads\/2022\/02\/Diapositiva5-1000x563.jpg 1000w, https:\/\/isfdituzaingo-crr.infd.edu.ar\/sitio\/wp-content\/uploads\/2022\/02\/Diapositiva5-768x432.jpg 768w, https:\/\/isfdituzaingo-crr.infd.edu.ar\/sitio\/wp-content\/uploads\/2022\/02\/Diapositiva5.jpg 1280w\" sizes=\"(max-width: 457px) 100vw, 457px\" \/><\/a> <a href=\"https:\/\/isfdituzaingo-crr.infd.edu.ar\/sitio\/wp-content\/uploads\/2022\/02\/Diapositiva16-768x432.jpg\"><img decoding=\"async\" loading=\"lazy\" class=\"alignnone  wp-image-3035\" src=\"https:\/\/isfdituzaingo-crr.infd.edu.ar\/sitio\/wp-content\/uploads\/2022\/02\/Diapositiva16-1000x563.jpg\" alt=\"\" width=\"471\" height=\"265\" srcset=\"https:\/\/isfdituzaingo-crr.infd.edu.ar\/sitio\/wp-content\/uploads\/2022\/02\/Diapositiva16-1000x563.jpg 1000w, https:\/\/isfdituzaingo-crr.infd.edu.ar\/sitio\/wp-content\/uploads\/2022\/02\/Diapositiva16-768x432.jpg 768w, https:\/\/isfdituzaingo-crr.infd.edu.ar\/sitio\/wp-content\/uploads\/2022\/02\/Diapositiva16.jpg 1280w\" sizes=\"(max-width: 471px) 100vw, 471px\" \/><\/a><\/p>\n<p><strong><span style=\"color: #ff0000;\">TECNICATURA SUPERIOR EN HIGIENE Y SEGURIDAD EN EL TRABAJO CON ORIENTACI\u00d3N EN LA INDUSTRIA DE LA CONSTRUCCI\u00d3N<\/span><br \/><\/strong><\/p>\n<p><a href=\"https:\/\/isfdituzaingo-crr.infd.edu.ar\/sitio\/wp-content\/uploads\/2022\/02\/Diapositiva11-768x432.jpg\"><img decoding=\"async\" loading=\"lazy\" class=\"alignnone  wp-image-3030\" src=\"https:\/\/isfdituzaingo-crr.infd.edu.ar\/sitio\/wp-content\/uploads\/2022\/02\/Diapositiva11-1000x563.jpg\" alt=\"\" width=\"449\" height=\"253\" srcset=\"https:\/\/isfdituzaingo-crr.infd.edu.ar\/sitio\/wp-content\/uploads\/2022\/02\/Diapositiva11-1000x563.jpg 1000w, https:\/\/isfdituzaingo-crr.infd.edu.ar\/sitio\/wp-content\/uploads\/2022\/02\/Diapositiva11-768x432.jpg 768w, https:\/\/isfdituzaingo-crr.infd.edu.ar\/sitio\/wp-content\/uploads\/2022\/02\/Diapositiva11.jpg 1280w\" sizes=\"(max-width: 449px) 100vw, 449px\" \/><\/a> <a href=\"https:\/\/isfdituzaingo-crr.infd.edu.ar\/sitio\/wp-content\/uploads\/2022\/02\/Diapositiva22-768x432.jpg\"><img decoding=\"async\" loading=\"lazy\" class=\"alignnone  wp-image-3041\" src=\"https:\/\/isfdituzaingo-crr.infd.edu.ar\/sitio\/wp-content\/uploads\/2022\/02\/Diapositiva22-1000x563.jpg\" alt=\"\" width=\"495\" height=\"279\" srcset=\"https:\/\/isfdituzaingo-crr.infd.edu.ar\/sitio\/wp-content\/uploads\/2022\/02\/Diapositiva22-1000x563.jpg 1000w, https:\/\/isfdituzaingo-crr.infd.edu.ar\/sitio\/wp-content\/uploads\/2022\/02\/Diapositiva22-768x432.jpg 768w, https:\/\/isfdituzaingo-crr.infd.edu.ar\/sitio\/wp-content\/uploads\/2022\/02\/Diapositiva22.jpg 1280w\" sizes=\"(max-width: 495px) 100vw, 495px\" \/><\/a><\/p>\n\n\n<p><\/p>\n","protected":false},"excerpt":{"rendered":"<p>Llamado FEBRERO-MARZO 2022 PRIMER LLAMADO: Desde el 21 al 25 de febrero de\u00a0 2022. Mesas de ex\u00e0menes\u00a0PRESENCIALES. SEGUNDO LLAMADO: Desde el 07 al 11 de marzo de\u00a0 2022. Mesas de ex\u00e0menes PRESENCIALES. El per\u00edodo de inscripci\u00f3n ser\u00e1 desde el 07 al 16 de febrero de 2022, a trav\u00e9s de la p\u00e1gina de SIMA EDUCATIVA \u00fanicamente. &#8230; <a title=\"Mesas Ex\u00e1menes\" class=\"read-more\" href=\"https:\/\/isfdituzaingo-crr.infd.edu.ar\/sitio\/estudiantes\/fechas-importantes\/\" aria-label=\"More on Mesas Ex\u00e1menes\">[+]<\/a><\/p>\n","protected":false},"author":14,"featured_media":0,"parent":692,"menu_order":0,"comment_status":"closed","ping_status":"closed","template":"","meta":[],"acf":[],"_links":{"self":[{"href":"https:\/\/isfdituzaingo-crr.infd.edu.ar\/sitio\/wp-json\/wp\/v2\/pages\/727"}],"collection":[{"href":"https:\/\/isfdituzaingo-crr.infd.edu.ar\/sitio\/wp-json\/wp\/v2\/pages"}],"about":[{"href":"https:\/\/isfdituzaingo-crr.infd.edu.ar\/sitio\/wp-json\/wp\/v2\/types\/page"}],"author":[{"embeddable":true,"href":"https:\/\/isfdituzaingo-crr.infd.edu.ar\/sitio\/wp-json\/wp\/v2\/users\/14"}],"replies":[{"embeddable":true,"href":"https:\/\/isfdituzaingo-crr.infd.edu.ar\/sitio\/wp-json\/wp\/v2\/comments?post=727"}],"version-history":[{"count":119,"href":"https:\/\/isfdituzaingo-crr.infd.edu.ar\/sitio\/wp-json\/wp\/v2\/pages\/727\/revisions"}],"predecessor-version":[{"id":3082,"href":"https:\/\/isfdituzaingo-crr.infd.edu.ar\/sitio\/wp-json\/wp\/v2\/pages\/727\/revisions\/3082"}],"up":[{"embeddable":true,"href":"https:\/\/isfdituzaingo-crr.infd.edu.ar\/sitio\/wp-json\/wp\/v2\/pages\/692"}],"wp:attachment":[{"href":"https:\/\/isfdituzaingo-crr.infd.edu.ar\/sitio\/wp-json\/wp\/v2\/media?parent=727"}],"curies":[{"name":"wp","href":"https:\/\/api.w.org\/{rel}","templated":true}]}}