{"id":692,"date":"2018-07-25T15:09:46","date_gmt":"2018-07-25T18:09:46","guid":{"rendered":"https:\/\/isfdituzaingo-crr.infd.edu.ar\/sitio\/?page_id=692"},"modified":"2023-12-05T16:17:08","modified_gmt":"2023-12-05T19:17:08","slug":"estudiantes","status":"publish","type":"page","link":"https:\/\/isfdituzaingo-crr.infd.edu.ar\/sitio\/estudiantes\/","title":{"rendered":"Estudiantes"},"content":{"rendered":"<p>Informaci\u00f3n a encontrar en este menu:<\/p>\n<ul>\n<li><strong>Ingresantes:<\/strong> toda informaci\u00f3n para poder matricularse en 1er a\u00f1o<\/li>\n<li><strong><a href=\"https:\/\/isfdituzaingo-crr.infd.edu.ar\/sitio\/estudiantes\/estudiantes-avanzados\/\">Estudiantes<\/a>:<\/strong> toda informaci\u00f3n para poder matricularse de 2do a 4to a\u00f1o<\/li>\n<li><strong><a href=\"https:\/\/isfdituzaingo-crr.infd.edu.ar\/sitio\/estudiantes\/calendario-escolar-2021\/\">Calendario escolar 2021<\/a>:<\/strong> Resumen de la Resoluci\u00f3n Ministerial 6167\/20 y calendario mesas de ex\u00e1menes en detalle.<\/li>\n<li><a href=\"https:\/\/isfdituzaingo-crr.infd.edu.ar\/sitio\/estudiantes\/fechas-importantes\/\"><strong>Mesas de ex\u00e1menes<\/strong><\/a>: Cronograma de mesas de ex\u00e1menes<\/li>\n<li><a href=\"https:\/\/isfdituzaingo-crr.infd.edu.ar\/sitio\/estudiantes\/guia-tramites\/\"><strong>Gu\u00eda de tr\u00e1mi<span id=\"transmark\" style=\"display: none; width: 0px; height: 0px;\"><\/span>tes<\/strong><\/a>: formularios e informaci\u00f3n<\/li>\n<li><a href=\"https:\/\/isfdituzaingo-crr.infd.edu.ar\/sitio\/estudiantes\/organizacion-por-comisiones\/\"><strong>Organizaci\u00f3n de carreras por comisiones<\/strong><\/a> para los encuentros presenciales.<\/li>\n<\/ul>\n","protected":false},"excerpt":{"rendered":"<p>Informaci\u00f3n a encontrar en este menu: Ingresantes: toda informaci\u00f3n para poder matricularse en 1er a\u00f1o Estudiantes: toda informaci\u00f3n para poder matricularse de 2do a 4to a\u00f1o Calendario escolar 2021: Resumen de la Resoluci\u00f3n Ministerial 6167\/20 y calendario mesas de ex\u00e1menes en detalle. Mesas de ex\u00e1menes: Cronograma de mesas de ex\u00e1menes Gu\u00eda de tr\u00e1mites: formularios e &#8230; <a title=\"Estudiantes\" class=\"read-more\" href=\"https:\/\/isfdituzaingo-crr.infd.edu.ar\/sitio\/estudiantes\/\" aria-label=\"More on Estudiantes\">[+]<\/a><\/p>\n","protected":false},"author":6,"featured_media":0,"parent":0,"menu_order":0,"comment_status":"closed","ping_status":"closed","template":"","meta":[],"acf":[],"_links":{"self":[{"href":"https:\/\/isfdituzaingo-crr.infd.edu.ar\/sitio\/wp-json\/wp\/v2\/pages\/692"}],"collection":[{"href":"https:\/\/isfdituzaingo-crr.infd.edu.ar\/sitio\/wp-json\/wp\/v2\/pages"}],"about":[{"href":"https:\/\/isfdituzaingo-crr.infd.edu.ar\/sitio\/wp-json\/wp\/v2\/types\/page"}],"author":[{"embeddable":true,"href":"https:\/\/isfdituzaingo-crr.infd.edu.ar\/sitio\/wp-json\/wp\/v2\/users\/6"}],"replies":[{"embeddable":true,"href":"https:\/\/isfdituzaingo-crr.infd.edu.ar\/sitio\/wp-json\/wp\/v2\/comments?post=692"}],"version-history":[{"count":14,"href":"https:\/\/isfdituzaingo-crr.infd.edu.ar\/sitio\/wp-json\/wp\/v2\/pages\/692\/revisions"}],"predecessor-version":[{"id":3463,"href":"https:\/\/isfdituzaingo-crr.infd.edu.ar\/sitio\/wp-json\/wp\/v2\/pages\/692\/revisions\/3463"}],"wp:attachment":[{"href":"https:\/\/isfdituzaingo-crr.infd.edu.ar\/sitio\/wp-json\/wp\/v2\/media?parent=692"}],"curies":[{"name":"wp","href":"https:\/\/api.w.org\/{rel}","templated":true}]}}